
0
Suppose t + 3*m = -7, 0*t = -5*t - 2*m + 4. Suppose 4*r + o - 1 = 11, 5*r - 4*o = -6. What is the remainder when r*2 - (1 - 0) is divided by t?
1
Let t = -5 - -86. Let c = 130 - t. What is the remainder when c is divided by 17?
15
Let w(b) = 13*b**3. Let c = 9 + -7. Suppose 2*h + 0*h = c. What is the remainder when 24 is divided by w(h)?
11
Suppose 3*f - 268 = -f. What is the remainder when f is divided by 17?
16
Suppose a - 26 - 83 = 0. What is the remainder when a is divided by 28?
25
Let r = -6 - -3. Calculate the remainder when 1*r*26/(-6) is divided by 7.
6
Let b = 11 + -29. Let m be 322/8 + (-2)/8. Let d = m + b. What is the remainder when d is divided by 8?
6
Let f = 20 - -104. Let n = f + -88. Calculate the remainder when n is divided by 13.
10
What is the remainder when 63 is divided by -2 + (3 - (-45)/3)?
15
What is the remainder when 28 is divided by (-336)/(-36) + 4/6?
8
Let g(i) = 4*i**2 - 6*i + 6. Let d be g(4). Suppose 5*b + 32 = 2*t, -4*t + b + d = -0*b. Calculate the remainder when 32 is divided by t.
10
Let a(n) = -n**2 + 7*n - 4. Let i be a(7). Suppose 4*v - 5 = 4*l + l, 2*v + 2*l - 16 = 0. Calculate the remainder when (-2)/(i/18) + 0 is divided by v.
4
Suppose 0 = -2*z - 5 + 47. Suppose -z = -3*x - 3. What is the remainder when 22 is divided by x?
4
Calculate the remainder when 652/12 + 4/6 is divided by 29.
26
Let k(c) = c**2 + c - 3. Let b be k(4). Suppose 2*o - b = 5. What is the remainder when 21 is divided by o?
10
Let y(b) = b**2 + 4. Suppose c - 7 = -0*c. What is the remainder when y(c) is divided by 27?
26
Let i(b) = -b**2 + 9*b + 8. Suppose 7*o - 16 = 5*o. What is the remainder when 47 is divided by i(o)?
15
Let b = 112 + -105. What is the remainder when 15 is divided by b?
1
Let h(u) = u**3 - 8*u**2 - u + 8. Let i be h(8). Suppose i = -q + 16 + 31. What is the remainder when 22 is divided by (-7)/(-28) - q/(-4)?
10
Let s(u) = u**3 + u**2 + 16. Let z be s(0). Let c = z + -10. Calculate the remainder when 23 is divided by c.
5
Let a(r) = -r**3 + 4*r**2 + 7*r + 2. What is the remainder when 21 is divided by a(5)?
9
Suppose 4*a - o - 105 = 0, 3*a = 2*a + 5*o + 50. What is the remainder when a is divided by 29/4 - (-2)/(-8)?
4
Let k be (50/8)/((-3)/12). Let p = -16 - k. Calculate the remainder when 26 is divided by p.
8
Let z(m) = -m + 22. Suppose 0 = 3*t + t. Calculate the remainder when 42 is divided by z(t).
20
Let f(z) = 17*z - 1. Let p = -24 + 54. What is the remainder when p is divided by f(1)?
14
Suppose -30 = -5*h + 50. What is the remainder when 44 is divided by h?
12
What is the remainder when ((-5)/((-10)/52))/((-2)/(-3)) is divided by 8?
7
Calculate the remainder when 3/6*-202*-1 is divided by 26.
23
Let h be 3 + 0 - (-32)/1. What is the remainder when 10/h + 159/7 is divided by -9*1/((-6)/8)?
11
Let q(i) be the first derivative of i**4/4 - i**3/3 + i**2 - 3*i - 4. Calculate the remainder when 39 is divided by q(3).
18
Suppose -4*h = 4*y + h - 20, 5*y - 25 = 2*h. Calculate the remainder when (-1 + 0)/((-1)/9) is divided by y.
4
Let i = -7 + 12. Suppose -4*v + i*m + 105 = 0, m - 12 = -2*v + 37. Suppose 4*u - g - 180 = 0, 3*g = -u + 33 + v. What is the remainder when u is divided by 16?
14
Let l(d) = -d**3 + d + 38. What is the remainder when l(0) is divided by 13?
12
Suppose 2*u + 4*m - 34 = 0, -2*u + u = -2*m + 3. Suppose 5*w - 93 = -2*n, 0*n = -2*n - 2. What is the remainder when w is divided by u?
5
Let l be 5/4 - 4/16. What is the remainder when l/(-3) - 206/(-6) is divided by 12?
10
Let s(x) = -9*x + 16. Calculate the remainder when s(-3) is divided by 11.
10
Suppose -5*x - 5*y = -165, 0*x + 3*y - 66 = -2*x. Calculate the remainder when x is divided by 12.
9
Let h(o) = o**3 + 6*o**2 + 3*o - 1. Let j be h(-6). Let c = 42 + j. What is the remainder when c is divided by 8?
7
Suppose 6*z = -2*z + 336. What is the remainder when z is divided by 12?
6
Suppose -3*n - 2 = 5*x - 14, -5*x - 6 = n. Let q = n + -4. Suppose q*j = 6*j - 19. Calculate the remainder when j is divided by 10.
9
Let o(l) = -l + 8. Let t be o(6). Suppose -u + 5 = t*x, -2*u = 3*u + 2*x - 33. Calculate the remainder when 17 is divided by u.
3
Let q(j) = j + 5. Let y be q(0). Suppose 2*m + y = 31. What is the remainder when 24 is divided by m?
11
Let o(g) = g**2 - 5*g - 2. Let m be o(6). Suppose -u = -2*u + 21. What is the remainder when u is divided by 30/(m + -1) - -1?
10
Let t = -12 - -44. Suppose i + 4 = -0, 92 = 2*k - i. Suppose t + k = 4*q. Calculate the remainder when q is divided by 7.
5
Suppose -5 = -x - 3*k, -5*x = 2*k + 2*k - 14. Suppose 9*r - 14*r = -5. What is the remainder when x is divided by r?
0
Let w(u) = u + 19. Let h be (4/(-6))/(4/(-54)). Suppose -4*y + h*y - 15 = 0. What is the remainder when w(-12) is divided by y?
1
Let h(z) = -z**2 - 3*z + 1. Let w(g) = g - 7. Let d be w(5). Let l be h(d). What is the remainder when l + 4/((-4)/(-7)) is divided by 6?
4
Suppose l - 4*a + 15 = 0, 3 = -a + 7. Suppose 4 = n + l. Calculate the remainder when 7 is divided by n.
1
Let v = 191 + -142. Calculate the remainder when v is divided by 27.
22
Let b be (-2 - 2/2)/(-3). Let o = 4 + b. What is the remainder when 13 is divided by o?
3
Suppose 0 = -0*z - 4*z - 4. Let v(i) = -i - 4*i + 1 - 31*i. What is the remainder when v(z) is divided by 19?
18
What is the remainder when 62 is divided by (-7 + 3)/(-2)*(-69)/(-6)?
16
Suppose -c = 5*x + 7 - 1, 3*c = 2*x + 16. Let l(p) be the third derivative of -p**4/8 - p**3/3 - p**2. Calculate the remainder when l(-3) is divided by c.
3
Let p(l) = -17*l - 72. Calculate the remainder when p(-9) is divided by 12.
9
Suppose 16 = 2*y - 14. Calculate the remainder when 39 is divided by y.
9
Suppose -5*p = 5*j + 20, 4*j - p - 4 = -0*j. Suppose j = 6*o - 54. What is the remainder when 35 is divided by o?
8
Calculate the remainder when 23 is divided by 9 + (-5 - 16/(-4)).
7
What is the remainder when (-78)/(-4) + (-5)/(-10) is divided by 7?
6
Suppose 3*a + 0*m - 56 = -5*m, -3*m = 4*a - 82. What is the remainder when 40 is divided by a?
18
Suppose -4*u = 5*h + 23, -2*h = 2*h - 3*u + 37. Calculate the remainder when 32 is divided by 2 + 9 + 8 + h.
8
Let k(u) = -27*u**2 - u - 1. Let g be k(-1). What is the remainder when (-6)/g - 277/(-9) is divided by 17?
14
Let p(k) = k**2 + k. What is the remainder when 178 is divided by p(5)?
28
Suppose 0 = -2*b + 22 + 28. Suppose -2*r + h = -9, -4*r + 0*h + 8 = -4*h. What is the remainder when b is divided by r?
4
Suppose -2*y - 35 = -7*y. Calculate the remainder when 10 is divided by y.
3
Let h be (0 + 1)/((-1)/(-2)). Suppose 0 = 2*n + z - 108, -h*n + z + z + 120 = 0. What is the remainder when n is divided by (-20)/8*(-38)/5?
18
Let l(y) = -y**2 - 26*y - 9. Calculate the remainder when 30 is divided by l(-25).
14
Let g(m) = -m**2 - 2*m + 11. Let w be g(-10). Let a = -32 - w. Calculate the remainder when a is divided by 10.
7
Suppose -4*m - 4*b + 56 = 0, 5*m + 2*b - 43 = 18. Suppose v + 0*v = 10. Suppose 2*c - v = 28. What is the remainder when c is divided by m?
8
Suppose -5*v = -8*v + 27. Let a = v - -42. Calculate the remainder when a is divided by 13.
12
Let i = 164 - 146. What is the remainder when 46 is divided by i?
10
Suppose 2 = 2*i - 6. Suppose a - 9 = -2*g + 6, -4*a = -i*g - 48. What is the remainder when 49 is divided by a?
10
Let l(g) = 2*g**2 + g - 1. What is the remainder when (0 - -3)*(-50)/(-6) is divided by l(2)?
7
Let j = -180 + 374. What is the remainder when j is divided by 15?
14
Let y(l) = -3*l + 9. Let r be y(7). Let s be 7/2*r/(-21). Suppose 4*c = -k + 33 + 15, s*k = 0. Calculate the remainder when 34 is divided by c.
10
Let x be (195/10)/((-3)/4). Let o = 42 + x. Calculate the remainder when 46 is divided by o.
14
Let f(q) = -q**2 + 4*q + 13. Calculate the remainder when 52 is divided by f(5).
4
Let y(s) = 11*s**2 - s + 3. Calculate the remainder when y(-3) is divided by 27.
24
Let a = -5 - -58. Calculate the remainder when 210 is divided by a.
51
Suppose 5*p - 84 = -4*d, -5*d + 85 = -p - 20. What is the remainder when d is divided by 13?
8
Suppose 0*u - 5*k = u + 9, -k = -4*u + 6. Let f = 5 - u. Let n = 1 + f. What is the remainder when 13 is divided by n?
3
Let r = -24 - -153. What is the remainder when r is divided by 10?
9
What is the r